{"id":392,"date":"2020-11-04T22:13:16","date_gmt":"2020-11-04T22:13:16","guid":{"rendered":"http:\/\/creatividadetica.org\/?page_id=392"},"modified":"2024-09-14T05:29:39","modified_gmt":"2024-09-14T05:29:39","slug":"news","status":"publish","type":"page","link":"https:\/\/creatividadetica.org\/?page_id=392","title":{"rendered":"News"},"content":{"rendered":"\t\t<div data-elementor-type=\"wp-page\" data-elementor-id=\"392\" class=\"elementor elementor-392\">\n\t\t\t\t\t\t<div class=\"elementor-inner\">\n\t\t\t\t<div class=\"elementor-section-wrap\">\n\t\t\t\t\t\t\t\t\t<section class=\"elementor-section elementor-top-section elementor-element elementor-element-8c05a9e elementor-section-full_width elementor-section-stretched elementor-section-height-default elementor-section-height-default\" data-id=\"8c05a9e\" data-element_type=\"section\" data-settings=\"{&quot;stretch_section&quot;:&quot;section-stretched&quot;}\">\n\t\t\t\t\t\t<div class=\"elementor-container elementor-column-gap-default\">\n\t\t\t\t\t\t\t<div class=\"elementor-row\">\n\t\t\t\t\t<div class=\"elementor-column elementor-col-100 elementor-top-column elementor-element elementor-element-600793e\" data-id=\"600793e\" data-element_type=\"column\">\n\t\t\t<div class=\"elementor-column-wrap elementor-element-populated\">\n\t\t\t\t\t\t\t<div class=\"elementor-widget-wrap\">\n\t\t\t\t\t\t<div class=\"elementor-element elementor-element-29d44f8 elementor-widget elementor-widget-shortcode\" data-id=\"29d44f8\" data-element_type=\"widget\" data-widget_type=\"shortcode.default\">\n\t\t\t\t<div class=\"elementor-widget-container\">\n\t\t\t\t\t<div class=\"elementor-shortcode\">      <div id=\"post-grid-lazy-389\" class=\"post-grid-lazy\"><img alt=\"\" src=\"\" \/><\/div>\n    <script>\n      jQuery('#post-grid-lazy-389').ready(function($) {\n        $('#post-grid-lazy-389').fadeOut();\n        $('#post-grid-389   ').fadeIn();\n      })\n    <\/script>\n    <style type=\"text\/css\">\n      #post-grid-389 {\n        display: none;\n      }\n\n      .post-grid-lazy {\n        text-align: center;\n      }\n    <\/style>\n    <div data-options='{&quot;id&quot;:&quot;389&quot;,&quot;lazy_load&quot;:&quot;yes&quot;,&quot;masonry_enable&quot;:&quot;no&quot;,&quot;view_type&quot;:&quot;grid&quot;}' id=\"post-grid-389\" class=\"post-grid grid\">\n        <div class=\"grid-items\">\n      <div class=\"item item-369 skin flat even 0 \">\n        <div class=\"layer-wrapper layout-\">\n        <div class=\"layer-media\"><a href=\"https:\/\/creatividadetica.org\/?p=369\"><img src=\"https:\/\/creatividadetica.org\/wp-content\/uploads\/2020\/11\/news_tobe-eco_bnn-scaled.jpg\" \/><\/a><\/div>\n  <div class=\"layer-content\">\n    <div class=\"element element_0  title_link \">\n    <a target=\"\"\n    href=\"https:\/\/creatividadetica.org\/?p=369\">ToBE ECO<\/a>\n  <\/div>\n<div class=\"element element_1  excerpt \">\n  toBE[eco] Creatividad Etica participa en toBE[eco] \u2013 Bello es Bueno, QUE ES toBE\u00a0[eco]? Es el proyecto de EXPOCASA, pensado para  <\/div>\n<a class=\"element element_2  read_more \"\n  target=\"\"\n  href=\"https:\/\/creatividadetica.org\/?p=369\"><\/a>\n\n  <\/div>\n    <\/div>\n  <\/div><div class=\"item item-333 skin flat odd 1 \">\n        <div class=\"layer-wrapper layout-\">\n        <div class=\"layer-media\"><a href=\"https:\/\/creatividadetica.org\/?p=333\"><img src=\"https:\/\/creatividadetica.org\/wp-content\/uploads\/2020\/11\/deis_edec_bnn-scaled.jpg\" \/><\/a><\/div>\n  <div class=\"layer-content\">\n    <div class=\"element element_0  title_link \">\n    <a target=\"\"\n    href=\"https:\/\/creatividadetica.org\/?p=333\">Edec<\/a>\n  <\/div>\n<div class=\"element element_1  excerpt \">\n  Emprendedores de Disen\u0303o Etico Certificados Buenos Aires Programa de capacitacio\u0301n y reflexio\u0301n orientado a propiciar un espacio de debate y  <\/div>\n<a class=\"element element_2  read_more \"\n  target=\"\"\n  href=\"https:\/\/creatividadetica.org\/?p=333\"><\/a>\n\n  <\/div>\n    <\/div>\n  <\/div><div class=\"item item-292 skin flat even 2 \">\n        <div class=\"layer-wrapper layout-\">\n        <div class=\"layer-media\"><a href=\"https:\/\/creatividadetica.org\/?p=292\"><img src=\"https:\/\/creatividadetica.org\/wp-content\/uploads\/2020\/10\/deis_5edic_bnn-scaled.jpg\" \/><\/a><\/div>\n  <div class=\"layer-content\">\n    <div class=\"element element_0  title_link \">\n    <a target=\"\"\n    href=\"https:\/\/creatividadetica.org\/?p=292\">DeIS Buenos Aires<\/a>\n  <\/div>\n<div class=\"element element_1  excerpt \">\n  Ruta de Dise\u00f1o e Innovaci\u00f3n Sustentable (DeIS) Edici\u00f3n | Buenos Aires Creatividad Etica y Apoidea Soluciones Sustentables, lo invitan a  <\/div>\n<a class=\"element element_2  read_more \"\n  target=\"\"\n  href=\"https:\/\/creatividadetica.org\/?p=292\"><\/a>\n\n  <\/div>\n    <\/div>\n  <\/div>    <\/div>\n  \n\n  \n\n    <script>\n          <\/script>\n    <style type=\"text\/css\">\n    #post-grid-389 .element_0 {\n      display: block;font-size: 21px;line-height: normal;padding: 5px 10px;text-align: left; text-decoration: none;    }\n\n    #post-grid-389 .element_1 {\n      display: block;font-size: 14px;padding: 5px 10px;text-align: left;    }\n\n    #post-grid-389 .element_2 {\n      display: block;font-size: 12px;font-weight: bold;padding: 0 10px;text-align: left;text-decoration: none;    }\n\n    #post-grid-389 .element_0:hover{}#post-grid-389 .element_1:hover{}#post-grid-389 .element_2:hover{}  <\/style>\n  <style type=\"text\/css\">\n    #post-grid-389 {\n      padding: 10px;\n          }\n\n    #post-grid-389 .item {\n      padding: 0px;\n      background: #fff;\n          }\n\n    #post-grid-389 .item .layer-media {\n      height:auto;    }\n\n    @media only screen and (min-width: 0px) and (max-width: 767px) {\n      #post-grid-389 .grid-items {\n        text-align: center;\n              }\n\n      #post-grid-389 .item {\n        width: 90%;\n        margin: 10px;\n        display: inline-block;\n        vertical-align: top;\n        height:auto;      }\n    }\n\n    @media only screen and (min-width: 768px) and (max-width: 1023px) {\n      #post-grid-389 .grid-items {\n        text-align: center;\n              }\n\n      #post-grid-389 .item {\n        width: 280px;\n        margin: 10px;\n        display: inline-block;\n        vertical-align: top;\n        max-height:auto;      }\n    }\n\n    @media only screen and (min-width: 1024px) {\n      #post-grid-389 .grid-items {\n        text-align: center;\n              }\n\n      #post-grid-389 .item {\n        width: 350px;\n        display: inline-block;\n        margin: 10px;\n        vertical-align: top;\n        height:auto;      }\n    }\n\n      <\/style>\n  <\/div>\n<\/div>\n\t\t\t\t<\/div>\n\t\t\t\t<\/div>\n\t\t\t\t\t\t<\/div>\n\t\t\t\t\t<\/div>\n\t\t<\/div>\n\t\t\t\t\t\t\t\t<\/div>\n\t\t\t\t\t<\/div>\n\t\t<\/section>\n\t\t\t\t\t\t\t\t\t<\/div>\n\t\t\t<\/div>\n\t\t\t\t\t<\/div>\n\t\t","protected":false},"excerpt":{"rendered":"","protected":false},"author":2,"featured_media":0,"parent":0,"menu_order":0,"comment_status":"closed","ping_status":"closed","template":"","meta":{"pgc_meta":"","spay_email":""},"pgc_meta":"","_links":{"self":[{"href":"https:\/\/creatividadetica.org\/index.php?rest_route=\/wp\/v2\/pages\/392"}],"collection":[{"href":"https:\/\/creatividadetica.org\/index.php?rest_route=\/wp\/v2\/pages"}],"about":[{"href":"https:\/\/creatividadetica.org\/index.php?rest_route=\/wp\/v2\/types\/page"}],"author":[{"embeddable":true,"href":"https:\/\/creatividadetica.org\/index.php?rest_route=\/wp\/v2\/users\/2"}],"replies":[{"embeddable":true,"href":"https:\/\/creatividadetica.org\/index.php?rest_route=%2Fwp%2Fv2%2Fcomments&post=392"}],"version-history":[{"count":19,"href":"https:\/\/creatividadetica.org\/index.php?rest_route=\/wp\/v2\/pages\/392\/revisions"}],"predecessor-version":[{"id":1731,"href":"https:\/\/creatividadetica.org\/index.php?rest_route=\/wp\/v2\/pages\/392\/revisions\/1731"}],"wp:attachment":[{"href":"https:\/\/creatividadetica.org\/index.php?rest_route=%2Fwp%2Fv2%2Fmedia&parent=392"}],"curies":[{"name":"wp","href":"https:\/\/api.w.org\/{rel}","templated":true}]}}