{"id":7,"date":"2020-10-11T04:58:12","date_gmt":"2020-10-11T04:58:12","guid":{"rendered":"http:\/\/creatividadetica.org\/?page_id=7"},"modified":"2024-09-14T05:01:31","modified_gmt":"2024-09-14T05:01:31","slug":"elementor-7","status":"publish","type":"page","link":"https:\/\/creatividadetica.org\/?page_id=7","title":{"rendered":"Nosotros"},"content":{"rendered":"\t\t<div data-elementor-type=\"wp-post\" data-elementor-id=\"7\" class=\"elementor elementor-7\">\n\t\t\t\t\t\t<div class=\"elementor-inner\">\n\t\t\t\t<div class=\"elementor-section-wrap\">\n\t\t\t\t\t\t\t\t\t<section class=\"elementor-section elementor-top-section elementor-element elementor-element-70a178d elementor-section-boxed elementor-section-height-default elementor-section-height-default\" data-id=\"70a178d\" data-element_type=\"section\">\n\t\t\t\t\t\t<div class=\"elementor-container elementor-column-gap-default\">\n\t\t\t\t\t\t\t<div class=\"elementor-row\">\n\t\t\t\t\t<div class=\"elementor-column elementor-col-100 elementor-top-column elementor-element elementor-element-1903c6c\" data-id=\"1903c6c\" data-element_type=\"column\">\n\t\t\t<div class=\"elementor-column-wrap elementor-element-populated\">\n\t\t\t\t\t\t\t<div class=\"elementor-widget-wrap\">\n\t\t\t\t\t\t<div class=\"elementor-element elementor-element-7c50162 elementor-widget elementor-widget-heading\" data-id=\"7c50162\" data-element_type=\"widget\" data-widget_type=\"heading.default\">\n\t\t\t\t<div class=\"elementor-widget-container\">\n\t\t\t<h2 class=\"elementor-heading-title elementor-size-xl\">Creatividad \u00c9tica<\/h2>\t\t<\/div>\n\t\t\t\t<\/div>\n\t\t\t\t<div class=\"elementor-element elementor-element-bb496f7 elementor-widget elementor-widget-heading\" data-id=\"bb496f7\" data-element_type=\"widget\" data-widget_type=\"heading.default\">\n\t\t\t\t<div class=\"elementor-widget-container\">\n\t\t\t<h2 class=\"elementor-heading-title elementor-size-default\">Asociacio\u0301n Civil para la Difusio\u0301n de la Creatividad en el Disen\u0303o<\/h2>\t\t<\/div>\n\t\t\t\t<\/div>\n\t\t\t\t<div class=\"elementor-element elementor-element-2bf090d elementor-widget elementor-widget-text-editor\" data-id=\"2bf090d\" data-element_type=\"widget\" data-widget_type=\"text-editor.default\">\n\t\t\t\t<div class=\"elementor-widget-container\">\n\t\t\t\t\t\t\t\t<div class=\"elementor-text-editor elementor-clearfix\">\n\t\t\t\t<p>Es el sello de nuestra Asociaci\u00f3n concebida en Argentina en el a\u00f1o 2007 para la promoci\u00f3n internacional de la creatividad en general y el dise\u00f1o en particular. Desde nuestro nacimiento trabajamos comprometidamente para canalizar recursos humanos, materiales e inmateriales hacia las necesidades del sector de la industria cultural y creativa, en miras a su promoci\u00f3n econ\u00f3mica, social y cultural. La Asociaci\u00f3n Civil para la Difusi\u00f3n de la Creatividad en el Dise\u00f1o, desde una perspectiva general, existe para servir de recurso \u00fatil a una sociedad que no siempre logra reconocerse a s\u00ed misma. Desde una mirada particular, nuestra instituci\u00f3n llega al mundo de la creatividad para canalizar recursos humanos, materiales e inmateriales, hacia las necesidades de los actores del dise\u00f1o. Dicho de alg\u00fan modo, ha sido concebida para posibilitar no solo un lugar abierto de debate, an\u00e1lisis, y difusi\u00f3n de la creatividad y sus valores, sino tambi\u00e9n para promover actividades de investigaci\u00f3n y estudio de dicho campo, y realizar intercambios culturales que sumen a la comprensi\u00f3n profunda de la misma. Durante nuestros 16 a\u00f1os de vida hemos trabajado intensamente y en conjunto con Organizaciones P\u00fablicas y Privadas, Empresas, Profesionales y Estudiantes de Argentina, Brasil, Chile, Colombia, Ecuador, Italia, Jap\u00f3n, M\u00e9xico y Uruguay, generando espacios de reflexi\u00f3n, formaci\u00f3n y construcci\u00f3n con eje en las pol\u00edticas p\u00fablicas, las buenas pr\u00e1cticas profesionales y productivas, la propiedad intelectual, los modelos de negocios, la sustentabilidad y la dimensi\u00f3n social de la creatividad y sus \u00e1reas de incidencia. Desde nuestros inicios, nos han acompa\u00f1ado muchos profesionales a lo largo de nuestra historia brindando su expertise para lograr nuestros objetivos. Y un especial agradecimiento para aquellos que creyeron, apostaron por nuestro proyecto y que siguen a nuestro lado desde entonces, por lo que les compartimos su perfil.<\/p>\t\t\t\t\t<\/div>\n\t\t\t\t\t\t<\/div>\n\t\t\t\t<\/div>\n\t\t\t\t<section class=\"elementor-section elementor-inner-section elementor-element elementor-element-aa272e9 elementor-section-full_width elementor-section-height-default elementor-section-height-default\" data-id=\"aa272e9\" data-element_type=\"section\">\n\t\t\t\t\t\t<div class=\"elementor-container elementor-column-gap-no\">\n\t\t\t\t\t\t\t<div class=\"elementor-row\">\n\t\t\t\t\t<div class=\"elementor-column elementor-col-100 elementor-inner-column elementor-element elementor-element-afb1b86\" data-id=\"afb1b86\" data-element_type=\"column\">\n\t\t\t<div class=\"elementor-column-wrap elementor-element-populated\">\n\t\t\t\t\t\t\t<div class=\"elementor-widget-wrap\">\n\t\t\t\t\t\t<div class=\"elementor-element elementor-element-70e7d45 elementor-widget elementor-widget-heading\" data-id=\"70e7d45\" data-element_type=\"widget\" data-widget_type=\"heading.default\">\n\t\t\t\t<div class=\"elementor-widget-container\">\n\t\t\t<h2 class=\"elementor-heading-title elementor-size-small\">Ver\u00f3nica Ciaglia \/ Dise\u00f1adora Industrial<\/h2>\t\t<\/div>\n\t\t\t\t<\/div>\n\t\t\t\t<div class=\"elementor-element elementor-element-ee6f3ad elementor-widget elementor-widget-text-editor\" data-id=\"ee6f3ad\" data-element_type=\"widget\" data-widget_type=\"text-editor.default\">\n\t\t\t\t<div class=\"elementor-widget-container\">\n\t\t\t\t\t\t\t\t<div class=\"elementor-text-editor elementor-clearfix\">\n\t\t\t\t<p>Miembro fundador junto a su padre Jorge. E Ciaglia de nuestra asociaci\u00f3n con el objetivo de promocionar las buenas pr\u00e1cticas de la profesi\u00f3n, incluyendo la \u00e9tica, el respeto de las creaci\u00f3n de cada dise\u00f1ador, el dise\u00f1o para el bien com\u00fan, cuidando nuestro valioso planeta. Editora de nuestra publicaci\u00f3n CEmag. Responsable de desarrollar contenidos para Eventos, Foros, Conferencias y Muestras.<\/p>\t\t\t\t\t<\/div>\n\t\t\t\t\t\t<\/div>\n\t\t\t\t<\/div>\n\t\t\t\t<div class=\"elementor-element elementor-element-7ae92f7 elementor-widget elementor-widget-heading\" data-id=\"7ae92f7\" data-element_type=\"widget\" data-widget_type=\"heading.default\">\n\t\t\t\t<div class=\"elementor-widget-container\">\n\t\t\t<h2 class=\"elementor-heading-title elementor-size-small\">creatividadetica@gmail.com<\/h2>\t\t<\/div>\n\t\t\t\t<\/div>\n\t\t\t\t\t\t<\/div>\n\t\t\t\t\t<\/div>\n\t\t<\/div>\n\t\t\t\t\t\t\t\t<\/div>\n\t\t\t\t\t<\/div>\n\t\t<\/section>\n\t\t\t\t<section class=\"elementor-section elementor-inner-section elementor-element elementor-element-aff25bb elementor-section-full_width elementor-section-height-default elementor-section-height-default\" data-id=\"aff25bb\" data-element_type=\"section\">\n\t\t\t\t\t\t<div class=\"elementor-container elementor-column-gap-no\">\n\t\t\t\t\t\t\t<div class=\"elementor-row\">\n\t\t\t\t\t<div class=\"elementor-column elementor-col-100 elementor-inner-column elementor-element elementor-element-2007872\" data-id=\"2007872\" data-element_type=\"column\">\n\t\t\t<div class=\"elementor-column-wrap elementor-element-populated\">\n\t\t\t\t\t\t\t<div class=\"elementor-widget-wrap\">\n\t\t\t\t\t\t<div class=\"elementor-element elementor-element-9788523 elementor-widget elementor-widget-heading\" data-id=\"9788523\" data-element_type=\"widget\" data-widget_type=\"heading.default\">\n\t\t\t\t<div class=\"elementor-widget-container\">\n\t\t\t<h2 class=\"elementor-heading-title elementor-size-small\">Gabriel Stabilito \/ Dise\u00f1ador Gr\u00e1fico<\/h2>\t\t<\/div>\n\t\t\t\t<\/div>\n\t\t\t\t<div class=\"elementor-element elementor-element-4dcc61f elementor-widget elementor-widget-text-editor\" data-id=\"4dcc61f\" data-element_type=\"widget\" data-widget_type=\"text-editor.default\">\n\t\t\t\t<div class=\"elementor-widget-container\">\n\t\t\t\t\t\t\t\t<div class=\"elementor-text-editor elementor-clearfix\">\n\t\t\t\t<p>Gabriel Stabilito \/ Dise\u00f1ador Grafico Es nuestro socio creativo gr\u00e1fico, creador del Logo de Creatividad Etica, creador de \u00edconos y logos para los diferentes eventos entre ellos CEmag, + Green, Dise\u00f1o para Emergencias, DesignAbroad, DEIS. Responsable de la marca, la comunicaci\u00f3n, de dise\u00f1ar todas las piezas gr\u00e1ficas f\u00edsicas y digitales para todos nuestros proyectos. Desarrollador de la imagen y contenidos de nuestra web.<\/p>\t\t\t\t\t<\/div>\n\t\t\t\t\t\t<\/div>\n\t\t\t\t<\/div>\n\t\t\t\t<div class=\"elementor-element elementor-element-37a5c9d elementor-widget elementor-widget-heading\" data-id=\"37a5c9d\" data-element_type=\"widget\" data-widget_type=\"heading.default\">\n\t\t\t\t<div class=\"elementor-widget-container\">\n\t\t\t<h2 class=\"elementor-heading-title elementor-size-small\">zumobilito@gmail.com<\/h2>\t\t<\/div>\n\t\t\t\t<\/div>\n\t\t\t\t\t\t<\/div>\n\t\t\t\t\t<\/div>\n\t\t<\/div>\n\t\t\t\t\t\t\t\t<\/div>\n\t\t\t\t\t<\/div>\n\t\t<\/section>\n\t\t\t\t<section class=\"elementor-section elementor-inner-section elementor-element elementor-element-d2726a5 elementor-section-full_width elementor-section-height-default elementor-section-height-default\" data-id=\"d2726a5\" data-element_type=\"section\">\n\t\t\t\t\t\t<div class=\"elementor-container elementor-column-gap-no\">\n\t\t\t\t\t\t\t<div class=\"elementor-row\">\n\t\t\t\t\t<div class=\"elementor-column elementor-col-100 elementor-inner-column elementor-element elementor-element-bc55776\" data-id=\"bc55776\" data-element_type=\"column\">\n\t\t\t<div class=\"elementor-column-wrap elementor-element-populated\">\n\t\t\t\t\t\t\t<div class=\"elementor-widget-wrap\">\n\t\t\t\t\t\t<div class=\"elementor-element elementor-element-dd71dd6 elementor-widget elementor-widget-heading\" data-id=\"dd71dd6\" data-element_type=\"widget\" data-widget_type=\"heading.default\">\n\t\t\t\t<div class=\"elementor-widget-container\">\n\t\t\t<h2 class=\"elementor-heading-title elementor-size-small\">Sergio Scurk \/ Dise\u00f1ador Industrial<\/h2>\t\t<\/div>\n\t\t\t\t<\/div>\n\t\t\t\t<div class=\"elementor-element elementor-element-5fc1a87 elementor-widget elementor-widget-text-editor\" data-id=\"5fc1a87\" data-element_type=\"widget\" data-widget_type=\"text-editor.default\">\n\t\t\t\t<div class=\"elementor-widget-container\">\n\t\t\t\t\t\t\t\t<div class=\"elementor-text-editor elementor-clearfix\">\n\t\t\t\t<p>Es nuestro socio en contenidos audiovisuales, desarrollador de programas culturales y de concientizaci\u00f3n medioambiental, as\u00ed como tambi\u00e9n dise\u00f1ador de productos. Responsable de puesta en escena de foros, conferencias, muestras y eventos locales e internacionales. Ha producido contenidos para los Foros Dise\u00f1o, DesinAbroad, Concurso de Dise\u00f1o para Emergencias, CEmag, toBEeco entre otros. \u2709\u00a0<\/p>\t\t\t\t\t<\/div>\n\t\t\t\t\t\t<\/div>\n\t\t\t\t<\/div>\n\t\t\t\t<div class=\"elementor-element elementor-element-678ed1c elementor-widget elementor-widget-heading\" data-id=\"678ed1c\" data-element_type=\"widget\" data-widget_type=\"heading.default\">\n\t\t\t\t<div class=\"elementor-widget-container\">\n\t\t\t<h2 class=\"elementor-heading-title elementor-size-small\">derchu@gmail.com | T +54 911 4936-8316<\/h2>\t\t<\/div>\n\t\t\t\t<\/div>\n\t\t\t\t\t\t<\/div>\n\t\t\t\t\t<\/div>\n\t\t<\/div>\n\t\t\t\t\t\t\t\t<\/div>\n\t\t\t\t\t<\/div>\n\t\t<\/section>\n\t\t\t\t<section class=\"elementor-section elementor-inner-section elementor-element elementor-element-00b4ee3 elementor-section-full_width elementor-section-height-default elementor-section-height-default\" data-id=\"00b4ee3\" data-element_type=\"section\">\n\t\t\t\t\t\t<div class=\"elementor-container elementor-column-gap-no\">\n\t\t\t\t\t\t\t<div class=\"elementor-row\">\n\t\t\t\t\t<div class=\"elementor-column elementor-col-100 elementor-inner-column elementor-element elementor-element-7223841\" data-id=\"7223841\" data-element_type=\"column\">\n\t\t\t<div class=\"elementor-column-wrap elementor-element-populated\">\n\t\t\t\t\t\t\t<div class=\"elementor-widget-wrap\">\n\t\t\t\t\t\t<div class=\"elementor-element elementor-element-2fdbdab elementor-widget elementor-widget-heading\" data-id=\"2fdbdab\" data-element_type=\"widget\" data-widget_type=\"heading.default\">\n\t\t\t\t<div class=\"elementor-widget-container\">\n\t\t\t<h2 class=\"elementor-heading-title elementor-size-small\">Mar\u00eda Alejandra Corbo \/ Terapista Ocupacional<\/h2>\t\t<\/div>\n\t\t\t\t<\/div>\n\t\t\t\t<div class=\"elementor-element elementor-element-4ef0c82 elementor-widget elementor-widget-text-editor\" data-id=\"4ef0c82\" data-element_type=\"widget\" data-widget_type=\"text-editor.default\">\n\t\t\t\t<div class=\"elementor-widget-container\">\n\t\t\t\t\t\t\t\t<div class=\"elementor-text-editor elementor-clearfix\">\n\t\t\t\t<p>Es nuestra socia en temas de relevancia de salud, bienestar e inclusi\u00f3n. Organizadora de encuentros para mejorar la calidad de vida de poblaci\u00f3n en situaci\u00f3n de riesgo. Responsable de desarrollar actividades y contenidos para Instituciones especialistas en poblaci\u00f3n mayor y\/o neurodivergentes.<\/p>\t\t\t\t\t<\/div>\n\t\t\t\t\t\t<\/div>\n\t\t\t\t<\/div>\n\t\t\t\t<div class=\"elementor-element elementor-element-659b8c0 elementor-widget elementor-widget-heading\" data-id=\"659b8c0\" data-element_type=\"widget\" data-widget_type=\"heading.default\">\n\t\t\t\t<div class=\"elementor-widget-container\">\n\t\t\t<h2 class=\"elementor-heading-title elementor-size-small\">lic.alejandra.corbo@gmail.com<\/h2>\t\t<\/div>\n\t\t\t\t<\/div>\n\t\t\t\t\t\t<\/div>\n\t\t\t\t\t<\/div>\n\t\t<\/div>\n\t\t\t\t\t\t\t\t<\/div>\n\t\t\t\t\t<\/div>\n\t\t<\/section>\n\t\t\t\t\t\t<\/div>\n\t\t\t\t\t<\/div>\n\t\t<\/div>\n\t\t\t\t\t\t\t\t<\/div>\n\t\t\t\t\t<\/div>\n\t\t<\/section>\n\t\t\t\t\t\t\t\t\t<\/div>\n\t\t\t<\/div>\n\t\t\t\t\t<\/div>\n\t\t","protected":false},"excerpt":{"rendered":"<p>Creatividad \u00c9tica Asociacio\u0301n Civil para la Difusio\u0301n de la Creatividad en el Disen\u0303o Es el sello de nuestra Asociaci\u00f3n concebida en Argentina en el a\u00f1o 2007 para la promoci\u00f3n internacional de la creatividad en general y el dise\u00f1o en particular. Desde nuestro nacimiento trabajamos comprometidamente para canalizar recursos humanos, materiales e inmateriales hacia las necesidades &hellip; <\/p>\n<p class=\"link-more\"><a href=\"https:\/\/creatividadetica.org\/?page_id=7\" class=\"more-link\">Continue reading<span class=\"screen-reader-text\"> &#8220;Nosotros&#8221;<\/span><\/a><\/p>\n","protected":false},"author":2,"featured_media":0,"parent":0,"menu_order":0,"comment_status":"closed","ping_status":"closed","template":"","meta":{"pgc_meta":"","spay_email":""},"pgc_meta":"","_links":{"self":[{"href":"https:\/\/creatividadetica.org\/index.php?rest_route=\/wp\/v2\/pages\/7"}],"collection":[{"href":"https:\/\/creatividadetica.org\/index.php?rest_route=\/wp\/v2\/pages"}],"about":[{"href":"https:\/\/creatividadetica.org\/index.php?rest_route=\/wp\/v2\/types\/page"}],"author":[{"embeddable":true,"href":"https:\/\/creatividadetica.org\/index.php?rest_route=\/wp\/v2\/users\/2"}],"replies":[{"embeddable":true,"href":"https:\/\/creatividadetica.org\/index.php?rest_route=%2Fwp%2Fv2%2Fcomments&post=7"}],"version-history":[{"count":101,"href":"https:\/\/creatividadetica.org\/index.php?rest_route=\/wp\/v2\/pages\/7\/revisions"}],"predecessor-version":[{"id":1719,"href":"https:\/\/creatividadetica.org\/index.php?rest_route=\/wp\/v2\/pages\/7\/revisions\/1719"}],"wp:attachment":[{"href":"https:\/\/creatividadetica.org\/index.php?rest_route=%2Fwp%2Fv2%2Fmedia&parent=7"}],"curies":[{"name":"wp","href":"https:\/\/api.w.org\/{rel}","templated":true}]}}