{"id":711,"date":"2021-06-10T03:00:30","date_gmt":"2021-06-10T03:00:30","guid":{"rendered":"http:\/\/creatividadetica.org\/?page_id=711"},"modified":"2021-06-14T23:16:35","modified_gmt":"2021-06-14T23:16:35","slug":"edec","status":"publish","type":"page","link":"https:\/\/creatividadetica.org\/?page_id=711","title":{"rendered":"EDEC"},"content":{"rendered":"\t\t<div data-elementor-type=\"wp-page\" data-elementor-id=\"711\" class=\"elementor elementor-711\">\n\t\t\t\t\t\t<div class=\"elementor-inner\">\n\t\t\t\t<div class=\"elementor-section-wrap\">\n\t\t\t\t\t\t\t\t\t<section class=\"elementor-section elementor-top-section elementor-element elementor-element-70fd033 elementor-section-boxed elementor-section-height-default elementor-section-height-default\" data-id=\"70fd033\" data-element_type=\"section\">\n\t\t\t\t\t\t<div class=\"elementor-container elementor-column-gap-default\">\n\t\t\t\t\t\t\t<div class=\"elementor-row\">\n\t\t\t\t\t<div class=\"elementor-column elementor-col-100 elementor-top-column elementor-element elementor-element-8dc6d56\" data-id=\"8dc6d56\" data-element_type=\"column\">\n\t\t\t<div class=\"elementor-column-wrap elementor-element-populated\">\n\t\t\t\t\t\t\t<div class=\"elementor-widget-wrap\">\n\t\t\t\t\t\t<div class=\"elementor-element elementor-element-be648f5 elementor-widget elementor-widget-image\" data-id=\"be648f5\" data-element_type=\"widget\" data-widget_type=\"image.default\">\n\t\t\t\t<div class=\"elementor-widget-container\">\n\t\t\t\t\t\t\t\t<div class=\"elementor-image\">\n\t\t\t\t\t\t\t\t\t\t\t\t<img width=\"2560\" height=\"396\" src=\"https:\/\/creatividadetica.org\/wp-content\/uploads\/2021\/06\/CE_Bnn_Edec_int.jpg\" class=\"attachment-full size-full\" alt=\"\" loading=\"lazy\" srcset=\"https:\/\/creatividadetica.org\/wp-content\/uploads\/2021\/06\/CE_Bnn_Edec_int.jpg 2560w, https:\/\/creatividadetica.org\/wp-content\/uploads\/2021\/06\/CE_Bnn_Edec_int-300x46.jpg 300w, https:\/\/creatividadetica.org\/wp-content\/uploads\/2021\/06\/CE_Bnn_Edec_int-1024x158.jpg 1024w, https:\/\/creatividadetica.org\/wp-content\/uploads\/2021\/06\/CE_Bnn_Edec_int-768x119.jpg 768w, https:\/\/creatividadetica.org\/wp-content\/uploads\/2021\/06\/CE_Bnn_Edec_int-1536x238.jpg 1536w, https:\/\/creatividadetica.org\/wp-content\/uploads\/2021\/06\/CE_Bnn_Edec_int-2048x317.jpg 2048w\" sizes=\"100vw\" \/>\t\t\t\t\t\t\t\t\t\t\t\t\t\t<\/div>\n\t\t\t\t\t\t<\/div>\n\t\t\t\t<\/div>\n\t\t\t\t<div class=\"elementor-element elementor-element-93a642d elementor-widget elementor-widget-heading\" data-id=\"93a642d\" data-element_type=\"widget\" data-widget_type=\"heading.default\">\n\t\t\t\t<div class=\"elementor-widget-container\">\n\t\t\t<h2 class=\"elementor-heading-title elementor-size-default\">EDEC | Emprendedores de Dise\u00f1o \u00c9tico Certificados <\/h2>\t\t<\/div>\n\t\t\t\t<\/div>\n\t\t\t\t<div class=\"elementor-element elementor-element-a76cf57 elementor-widget elementor-widget-heading\" data-id=\"a76cf57\" data-element_type=\"widget\" data-widget_type=\"heading.default\">\n\t\t\t\t<div class=\"elementor-widget-container\">\n\t\t\t<h2 class=\"elementor-heading-title elementor-size-default\">Programa de capacitaci\u00f3n, orientado a propiciar un espacio de debate y a estimular las buenas pr\u00e1cticas en emprendedores de dise\u00f1o.<\/h2>\t\t<\/div>\n\t\t\t\t<\/div>\n\t\t\t\t<div class=\"elementor-element elementor-element-f9301c9 elementor-widget elementor-widget-spacer\" data-id=\"f9301c9\" data-element_type=\"widget\" data-widget_type=\"spacer.default\">\n\t\t\t\t<div class=\"elementor-widget-container\">\n\t\t\t\t\t<div class=\"elementor-spacer\">\n\t\t\t<div class=\"elementor-spacer-inner\"><\/div>\n\t\t<\/div>\n\t\t\t\t<\/div>\n\t\t\t\t<\/div>\n\t\t\t\t<div class=\"elementor-element elementor-element-d5b7c9c elementor-widget elementor-widget-text-editor\" data-id=\"d5b7c9c\" data-element_type=\"widget\" data-widget_type=\"text-editor.default\">\n\t\t\t\t<div class=\"elementor-widget-container\">\n\t\t\t\t\t\t\t\t<div class=\"elementor-text-editor elementor-clearfix\">\n\t\t\t\t<p class=\"p1\">Lanzamos conjuntamente con el Centro de Emprendedores de la Secretar\u00eda de Extensi\u00f3n de la FADU-UBA el Proyecto aprobado y avalado por UBANEX &#8211; 8\u00aa CONVOCATORIA &#8211; Emprendedores de Dise\u00f1o \u00c9tico Certificados. El mismo tiene el objetivo de Capacitar, Difundir y Certificar a emprendedores estudiantes y\/o egresados de Universidades Nacionales de las carreras de dise\u00f1o y afines, concientizando acerca del valor de crear proyectos y emprendimientos con la importancia de aplicar<span class=\"Apple-converted-space\">\u00a0 <\/span>la \u00e9tica, las buenas pr\u00e1cticas ambientales y humanitarias.<\/p><p class=\"p1\">El 2021 nos encuentra con una nueva Edici\u00f3n la 3era. De EDEC en modalidad online por regulaciones sanitarias COVID 19, con 27 proyectos para mentorear.<\/p>\t\t\t\t\t<\/div>\n\t\t\t\t\t\t<\/div>\n\t\t\t\t<\/div>\n\t\t\t\t<section class=\"elementor-section elementor-inner-section elementor-element elementor-element-4a3fadf elementor-section-boxed elementor-section-height-default elementor-section-height-default\" data-id=\"4a3fadf\" data-element_type=\"section\">\n\t\t\t\t\t\t<div class=\"elementor-container elementor-column-gap-default\">\n\t\t\t\t\t\t\t<div class=\"elementor-row\">\n\t\t\t\t\t<div class=\"elementor-column elementor-col-50 elementor-inner-column elementor-element elementor-element-5ca84b8\" data-id=\"5ca84b8\" data-element_type=\"column\">\n\t\t\t<div class=\"elementor-column-wrap elementor-element-populated\">\n\t\t\t\t\t\t\t<div class=\"elementor-widget-wrap\">\n\t\t\t\t\t\t<div class=\"elementor-element elementor-element-869d4ee elementor-widget elementor-widget-image\" data-id=\"869d4ee\" data-element_type=\"widget\" data-widget_type=\"image.default\">\n\t\t\t\t<div class=\"elementor-widget-container\">\n\t\t\t\t\t\t\t\t<div class=\"elementor-image\">\n\t\t\t\t\t\t\t\t\t\t\t\t<img width=\"525\" height=\"402\" src=\"https:\/\/creatividadetica.org\/wp-content\/uploads\/2021\/06\/edec_brch_02-1024x785.jpg\" class=\"attachment-large size-large\" alt=\"\" loading=\"lazy\" srcset=\"https:\/\/creatividadetica.org\/wp-content\/uploads\/2021\/06\/edec_brch_02-1024x785.jpg 1024w, https:\/\/creatividadetica.org\/wp-content\/uploads\/2021\/06\/edec_brch_02-300x230.jpg 300w, https:\/\/creatividadetica.org\/wp-content\/uploads\/2021\/06\/edec_brch_02-768x589.jpg 768w, https:\/\/creatividadetica.org\/wp-content\/uploads\/2021\/06\/edec_brch_02.jpg 1408w\" sizes=\"100vw\" \/>\t\t\t\t\t\t\t\t\t\t\t\t\t\t<\/div>\n\t\t\t\t\t\t<\/div>\n\t\t\t\t<\/div>\n\t\t\t\t<div class=\"elementor-element elementor-element-861caeb elementor-align-center elementor-widget elementor-widget-button\" data-id=\"861caeb\" data-element_type=\"widget\" data-widget_type=\"button.default\">\n\t\t\t\t<div class=\"elementor-widget-container\">\n\t\t\t\t\t<div class=\"elementor-button-wrapper\">\n\t\t\t<a href=\"https:\/\/creatividadetica.org\/wp-content\/uploads\/2021\/06\/edec-book-2018-apaisa.pdf\" target=\"_blank\" class=\"elementor-button-link elementor-button elementor-size-md\" role=\"button\">\n\t\t\t\t\t\t<span class=\"elementor-button-content-wrapper\">\n\t\t\t\t\t\t\t<span class=\"elementor-button-icon elementor-align-icon-left\">\n\t\t\t\t<i aria-hidden=\"true\" class=\"far fa-file-alt\"><\/i>\t\t\t<\/span>\n\t\t\t\t\t\t<span class=\"elementor-button-text\">Cuadernillo<\/span>\n\t\t<\/span>\n\t\t\t\t\t<\/a>\n\t\t<\/div>\n\t\t\t\t<\/div>\n\t\t\t\t<\/div>\n\t\t\t\t\t\t<\/div>\n\t\t\t\t\t<\/div>\n\t\t<\/div>\n\t\t\t\t<div class=\"elementor-column elementor-col-50 elementor-inner-column elementor-element elementor-element-5e5c169\" data-id=\"5e5c169\" data-element_type=\"column\">\n\t\t\t<div class=\"elementor-column-wrap\">\n\t\t\t\t\t\t\t<div class=\"elementor-widget-wrap\">\n\t\t\t\t\t\t\t\t<\/div>\n\t\t\t\t\t<\/div>\n\t\t<\/div>\n\t\t\t\t\t\t\t\t<\/div>\n\t\t\t\t\t<\/div>\n\t\t<\/section>\n\t\t\t\t\t\t<\/div>\n\t\t\t\t\t<\/div>\n\t\t<\/div>\n\t\t\t\t\t\t\t\t<\/div>\n\t\t\t\t\t<\/div>\n\t\t<\/section>\n\t\t\t\t<section class=\"elementor-section elementor-top-section elementor-element elementor-element-6436140 elementor-section-boxed elementor-section-height-default elementor-section-height-default\" data-id=\"6436140\" data-element_type=\"section\">\n\t\t\t\t\t\t<div class=\"elementor-container elementor-column-gap-default\">\n\t\t\t\t\t\t\t<div class=\"elementor-row\">\n\t\t\t\t\t<div class=\"elementor-column elementor-col-100 elementor-top-column elementor-element elementor-element-c383b7a\" data-id=\"c383b7a\" data-element_type=\"column\">\n\t\t\t<div class=\"elementor-column-wrap\">\n\t\t\t\t\t\t\t<div class=\"elementor-widget-wrap\">\n\t\t\t\t\t\t\t\t<\/div>\n\t\t\t\t\t<\/div>\n\t\t<\/div>\n\t\t\t\t\t\t\t\t<\/div>\n\t\t\t\t\t<\/div>\n\t\t<\/section>\n\t\t\t\t\t\t\t\t\t<\/div>\n\t\t\t<\/div>\n\t\t\t\t\t<\/div>\n\t\t","protected":false},"excerpt":{"rendered":"<p>EDEC | Emprendedores de Dise\u00f1o \u00c9tico Certificados Programa de capacitaci\u00f3n, orientado a propiciar un espacio de debate y a estimular las buenas pr\u00e1cticas en emprendedores de dise\u00f1o. Lanzamos conjuntamente con el Centro de Emprendedores de la Secretar\u00eda de Extensi\u00f3n de la FADU-UBA el Proyecto aprobado y avalado por UBANEX &#8211; 8\u00aa CONVOCATORIA &#8211; Emprendedores de &hellip; <\/p>\n<p class=\"link-more\"><a href=\"https:\/\/creatividadetica.org\/?page_id=711\" class=\"more-link\">Continue reading<span class=\"screen-reader-text\"> &#8220;EDEC&#8221;<\/span><\/a><\/p>\n","protected":false},"author":2,"featured_media":0,"parent":0,"menu_order":0,"comment_status":"closed","ping_status":"closed","template":"","meta":{"pgc_meta":"","spay_email":""},"pgc_meta":"","_links":{"self":[{"href":"https:\/\/creatividadetica.org\/index.php?rest_route=\/wp\/v2\/pages\/711"}],"collection":[{"href":"https:\/\/creatividadetica.org\/index.php?rest_route=\/wp\/v2\/pages"}],"about":[{"href":"https:\/\/creatividadetica.org\/index.php?rest_route=\/wp\/v2\/types\/page"}],"author":[{"embeddable":true,"href":"https:\/\/creatividadetica.org\/index.php?rest_route=\/wp\/v2\/users\/2"}],"replies":[{"embeddable":true,"href":"https:\/\/creatividadetica.org\/index.php?rest_route=%2Fwp%2Fv2%2Fcomments&post=711"}],"version-history":[{"count":181,"href":"https:\/\/creatividadetica.org\/index.php?rest_route=\/wp\/v2\/pages\/711\/revisions"}],"predecessor-version":[{"id":1568,"href":"https:\/\/creatividadetica.org\/index.php?rest_route=\/wp\/v2\/pages\/711\/revisions\/1568"}],"wp:attachment":[{"href":"https:\/\/creatividadetica.org\/index.php?rest_route=%2Fwp%2Fv2%2Fmedia&parent=711"}],"curies":[{"name":"wp","href":"https:\/\/api.w.org\/{rel}","templated":true}]}}