{"id":754,"date":"2021-06-10T03:53:01","date_gmt":"2021-06-10T03:53:01","guid":{"rendered":"http:\/\/creatividadetica.org\/?page_id=754"},"modified":"2024-09-14T04:48:25","modified_gmt":"2024-09-14T04:48:25","slug":"internacionales","status":"publish","type":"page","link":"https:\/\/creatividadetica.org\/?page_id=754","title":{"rendered":"Internacionales"},"content":{"rendered":"\t\t<div data-elementor-type=\"wp-page\" data-elementor-id=\"754\" class=\"elementor elementor-754\">\n\t\t\t\t\t\t<div class=\"elementor-inner\">\n\t\t\t\t<div class=\"elementor-section-wrap\">\n\t\t\t\t\t\t\t\t\t<section class=\"elementor-section elementor-top-section elementor-element elementor-element-6d1648f elementor-section-boxed elementor-section-height-default elementor-section-height-default\" data-id=\"6d1648f\" data-element_type=\"section\">\n\t\t\t\t\t\t<div class=\"elementor-container elementor-column-gap-default\">\n\t\t\t\t\t\t\t<div class=\"elementor-row\">\n\t\t\t\t\t<div class=\"elementor-column elementor-col-100 elementor-top-column elementor-element elementor-element-06cf937\" data-id=\"06cf937\" data-element_type=\"column\">\n\t\t\t<div class=\"elementor-column-wrap elementor-element-populated\">\n\t\t\t\t\t\t\t<div class=\"elementor-widget-wrap\">\n\t\t\t\t\t\t<div class=\"elementor-element elementor-element-cacacb4 elementor-widget elementor-widget-heading\" data-id=\"cacacb4\" data-element_type=\"widget\" data-widget_type=\"heading.default\">\n\t\t\t\t<div class=\"elementor-widget-container\">\n\t\t\t<h2 class=\"elementor-heading-title elementor-size-xl\">Proyectos Internacionales<\/h2>\t\t<\/div>\n\t\t\t\t<\/div>\n\t\t\t\t<div class=\"elementor-element elementor-element-d85c222 elementor-widget elementor-widget-text-editor\" data-id=\"d85c222\" data-element_type=\"widget\" data-widget_type=\"text-editor.default\">\n\t\t\t\t<div class=\"elementor-widget-container\">\n\t\t\t\t\t\t\t\t<div class=\"elementor-text-editor elementor-clearfix\">\n\t\t\t\t<p><span class=\"s1\">Desde nuestros comienzos c\u00f3mo Asociaci\u00f3n hemos estado interactuando con Instituciones, Asociaciones en Am\u00e9rica y Europa logrando realizar proyectos donde vincul\u00e1bamos a dise\u00f1adores, emprendedores argentinos con pares extranjeros. Realizamos muestras de dise\u00f1o en Italia as\u00ed como tambi\u00e9n proyectos online de intercambio de expertises. Ac\u00e1 algunos de ellos.<\/span><\/p>\t\t\t\t\t<\/div>\n\t\t\t\t\t\t<\/div>\n\t\t\t\t<\/div>\n\t\t\t\t<section class=\"elementor-section elementor-inner-section elementor-element elementor-element-420358a elementor-section-full_width elementor-section-height-default elementor-section-height-default\" data-id=\"420358a\" data-element_type=\"section\">\n\t\t\t\t\t\t<div class=\"elementor-container elementor-column-gap-extended\">\n\t\t\t\t\t\t\t<div class=\"elementor-row\">\n\t\t\t\t\t<div class=\"elementor-column elementor-col-33 elementor-inner-column elementor-element elementor-element-52e8159\" data-id=\"52e8159\" data-element_type=\"column\">\n\t\t\t<div class=\"elementor-column-wrap elementor-element-populated\">\n\t\t\t\t\t\t\t<div class=\"elementor-widget-wrap\">\n\t\t\t\t\t\t<div class=\"elementor-element elementor-element-827a492 elementor-widget elementor-widget-image\" data-id=\"827a492\" data-element_type=\"widget\" data-widget_type=\"image.default\">\n\t\t\t\t<div class=\"elementor-widget-container\">\n\t\t\t\t\t\t\t\t<div class=\"elementor-image\">\n\t\t\t\t\t\t\t\t\t\t\t\t<img width=\"455\" height=\"130\" src=\"https:\/\/creatividadetica.org\/wp-content\/uploads\/2021\/06\/logo_dsn_abroad.png\" class=\"attachment-large size-large\" alt=\"\" loading=\"lazy\" srcset=\"https:\/\/creatividadetica.org\/wp-content\/uploads\/2021\/06\/logo_dsn_abroad.png 455w, https:\/\/creatividadetica.org\/wp-content\/uploads\/2021\/06\/logo_dsn_abroad-300x86.png 300w\" sizes=\"100vw\" \/>\t\t\t\t\t\t\t\t\t\t\t\t\t\t<\/div>\n\t\t\t\t\t\t<\/div>\n\t\t\t\t<\/div>\n\t\t\t\t<div class=\"elementor-element elementor-element-bcf9a4d elementor-widget elementor-widget-heading\" data-id=\"bcf9a4d\" data-element_type=\"widget\" data-widget_type=\"heading.default\">\n\t\t\t\t<div class=\"elementor-widget-container\">\n\t\t\t<h2 class=\"elementor-heading-title elementor-size-small\">Design Abroad<\/h2>\t\t<\/div>\n\t\t\t\t<\/div>\n\t\t\t\t<div class=\"elementor-element elementor-element-0e2e32a elementor-widget elementor-widget-text-editor\" data-id=\"0e2e32a\" data-element_type=\"widget\" data-widget_type=\"text-editor.default\">\n\t\t\t\t<div class=\"elementor-widget-container\">\n\t\t\t\t\t\t\t\t<div class=\"elementor-text-editor elementor-clearfix\">\n\t\t\t\t<p class=\"p1\">Es el Programa de Creatividad Etica para la Promoci\u00f3n del Dise\u00f1o Argentino en el Mundo. En el marco de dicho Programa, nuestra ONG realiza acciones de promoci\u00f3n comercial y cultural del dise\u00f1o argentino en el exterior, con el objetivo de fomentar el desarrollo local, facilitar y fortalecer las relaciones comerciales y culturales entre Argentina y otros pa\u00edses, identificando potenciales oportunidades comerciales que permitan insertar a nuestros productores en el mercado exterior. Con el Apoyo de Canciller\u00eda Argentina y de la Ambasciata della Repubblica Argentina in Italia se llev\u00f3 a cabo Arte &amp; Dise\u00f1o Argentino en Italia Torino 2012\u00a0 \u201cUna ventana comercial y cultural, para el arte y el dise\u00f1o Argentino en Italia\u201d.<\/p>\t\t\t\t\t<\/div>\n\t\t\t\t\t\t<\/div>\n\t\t\t\t<\/div>\n\t\t\t\t\t\t<\/div>\n\t\t\t\t\t<\/div>\n\t\t<\/div>\n\t\t\t\t<div class=\"elementor-column elementor-col-33 elementor-inner-column elementor-element elementor-element-681cb36\" data-id=\"681cb36\" data-element_type=\"column\">\n\t\t\t<div class=\"elementor-column-wrap elementor-element-populated\">\n\t\t\t\t\t\t\t<div class=\"elementor-widget-wrap\">\n\t\t\t\t\t\t<div class=\"elementor-element elementor-element-2455685 elementor-widget elementor-widget-image\" data-id=\"2455685\" data-element_type=\"widget\" data-widget_type=\"image.default\">\n\t\t\t\t<div class=\"elementor-widget-container\">\n\t\t\t\t\t\t\t\t<div class=\"elementor-image\">\n\t\t\t\t\t\t\t\t\t\t\t\t<img width=\"455\" height=\"130\" src=\"https:\/\/creatividadetica.org\/wp-content\/uploads\/2021\/06\/logo_evolu_oficio.png\" class=\"attachment-large size-large\" alt=\"\" loading=\"lazy\" srcset=\"https:\/\/creatividadetica.org\/wp-content\/uploads\/2021\/06\/logo_evolu_oficio.png 455w, https:\/\/creatividadetica.org\/wp-content\/uploads\/2021\/06\/logo_evolu_oficio-300x86.png 300w\" sizes=\"100vw\" \/>\t\t\t\t\t\t\t\t\t\t\t\t\t\t<\/div>\n\t\t\t\t\t\t<\/div>\n\t\t\t\t<\/div>\n\t\t\t\t<div class=\"elementor-element elementor-element-add0b1c elementor-widget elementor-widget-heading\" data-id=\"add0b1c\" data-element_type=\"widget\" data-widget_type=\"heading.default\">\n\t\t\t\t<div class=\"elementor-widget-container\">\n\t\t\t<h2 class=\"elementor-heading-title elementor-size-small\">La Evoluci\u00f3n de los oficios \/ l'evoluzione dei mestieri<\/h2>\t\t<\/div>\n\t\t\t\t<\/div>\n\t\t\t\t<div class=\"elementor-element elementor-element-cc0cba8 elementor-widget elementor-widget-text-editor\" data-id=\"cc0cba8\" data-element_type=\"widget\" data-widget_type=\"text-editor.default\">\n\t\t\t\t<div class=\"elementor-widget-container\">\n\t\t\t\t\t\t\t\t<div class=\"elementor-text-editor elementor-clearfix\">\n\t\t\t\t<p class=\"p1\">Creatividad Etica, Lamacre y +39 co-organizaron el Proyecto Internacional que se llevara cabo en Argentina, Chile e Italia simult\u00e1neamente por un per\u00edodo de 4 meses de duraci\u00f3n.<br \/>Este proyecto ser\u00e1 un nexo, una ventana al mundo para expandir los horizontes de los oficios entre Sudam\u00e9rica y Europa brindando visualizaci\u00f3n a las nuevas interpretaciones de la mano de los dise\u00f1adores expertos en cada metier que logran nuevas identidades en materiales y productos.<br \/>A trav\u00e9s de una serie de preguntas disparadoras, se desea mostrar la esencia de cada participante, su historia, su tradici\u00f3n, su innovaci\u00f3n, \u00a0logrando as\u00ed un nuevo significado a los oficios.\u00a0<\/p>\t\t\t\t\t<\/div>\n\t\t\t\t\t\t<\/div>\n\t\t\t\t<\/div>\n\t\t\t\t\t\t<\/div>\n\t\t\t\t\t<\/div>\n\t\t<\/div>\n\t\t\t\t<div class=\"elementor-column elementor-col-33 elementor-inner-column elementor-element elementor-element-331422a\" data-id=\"331422a\" data-element_type=\"column\">\n\t\t\t<div class=\"elementor-column-wrap elementor-element-populated\">\n\t\t\t\t\t\t\t<div class=\"elementor-widget-wrap\">\n\t\t\t\t\t\t<div class=\"elementor-element elementor-element-a478b6b elementor-widget elementor-widget-image\" data-id=\"a478b6b\" data-element_type=\"widget\" data-widget_type=\"image.default\">\n\t\t\t\t<div class=\"elementor-widget-container\">\n\t\t\t\t\t\t\t\t<div class=\"elementor-image\">\n\t\t\t\t\t\t\t\t\t\t\t\t<img width=\"455\" height=\"130\" src=\"https:\/\/creatividadetica.org\/wp-content\/uploads\/2021\/06\/logo_open_studio.png\" class=\"attachment-large size-large\" alt=\"\" loading=\"lazy\" srcset=\"https:\/\/creatividadetica.org\/wp-content\/uploads\/2021\/06\/logo_open_studio.png 455w, https:\/\/creatividadetica.org\/wp-content\/uploads\/2021\/06\/logo_open_studio-300x86.png 300w\" sizes=\"100vw\" \/>\t\t\t\t\t\t\t\t\t\t\t\t\t\t<\/div>\n\t\t\t\t\t\t<\/div>\n\t\t\t\t<\/div>\n\t\t\t\t<div class=\"elementor-element elementor-element-aa12227 elementor-widget elementor-widget-heading\" data-id=\"aa12227\" data-element_type=\"widget\" data-widget_type=\"heading.default\">\n\t\t\t\t<div class=\"elementor-widget-container\">\n\t\t\t<h2 class=\"elementor-heading-title elementor-size-small\">Openstudio \/ Acerca de las Asociaciones<\/h2>\t\t<\/div>\n\t\t\t\t<\/div>\n\t\t\t\t<div class=\"elementor-element elementor-element-c92e0f8 elementor-widget elementor-widget-text-editor\" data-id=\"c92e0f8\" data-element_type=\"widget\" data-widget_type=\"text-editor.default\">\n\t\t\t\t<div class=\"elementor-widget-container\">\n\t\t\t\t\t\t\t\t<div class=\"elementor-text-editor elementor-clearfix\">\n\t\t\t\t<p class=\"p4\">En mayo del 2012 Creatividad Etica ha firmado un memorando de entendimiento con AIAP (Associazione italiana design della comunicazione visiva) cuyo objetivo es crear un espacio permanente para el estudio y el conocimiento del valor del dise\u00f1o, la promoci\u00f3n de la \u00e9tica y las mejores pr\u00e1cticas en todos los procesos que forman parte del sector (investigaci\u00f3n, desarrollo, distribuci\u00f3n, comunicaci\u00f3n, educaci\u00f3n). El objetivo com\u00fan que llev\u00f3 a la firma del protocolo es promover y proteger la cultura del dise\u00f1o gr\u00e1fico y el dise\u00f1o de comunicaci\u00f3n visual, tanto en \u00e1mbito profesional como en el \u00e1mbito de educaci\u00f3n en ambos pa\u00edses, a trav\u00e9s de la acci\u00f3n conjunta y el trabajo hacia las diversas herramientas de comunicaci\u00f3n que est\u00e9n en posesi\u00f3n de las dos asociaciones.<\/p>\t\t\t\t\t<\/div>\n\t\t\t\t\t\t<\/div>\n\t\t\t\t<\/div>\n\t\t\t\t\t\t<\/div>\n\t\t\t\t\t<\/div>\n\t\t<\/div>\n\t\t\t\t\t\t\t\t<\/div>\n\t\t\t\t\t<\/div>\n\t\t<\/section>\n\t\t\t\t\t\t<\/div>\n\t\t\t\t\t<\/div>\n\t\t<\/div>\n\t\t\t\t\t\t\t\t<\/div>\n\t\t\t\t\t<\/div>\n\t\t<\/section>\n\t\t\t\t<section class=\"elementor-section elementor-top-section elementor-element elementor-element-ef70576 elementor-section-boxed elementor-section-height-default elementor-section-height-default\" data-id=\"ef70576\" data-element_type=\"section\">\n\t\t\t\t\t\t<div class=\"elementor-container elementor-column-gap-default\">\n\t\t\t\t\t\t\t<div class=\"elementor-row\">\n\t\t\t\t\t<div class=\"elementor-column elementor-col-100 elementor-top-column elementor-element elementor-element-1c1a0d3\" data-id=\"1c1a0d3\" data-element_type=\"column\">\n\t\t\t<div class=\"elementor-column-wrap\">\n\t\t\t\t\t\t\t<div class=\"elementor-widget-wrap\">\n\t\t\t\t\t\t\t\t<\/div>\n\t\t\t\t\t<\/div>\n\t\t<\/div>\n\t\t\t\t\t\t\t\t<\/div>\n\t\t\t\t\t<\/div>\n\t\t<\/section>\n\t\t\t\t\t\t\t\t\t<\/div>\n\t\t\t<\/div>\n\t\t\t\t\t<\/div>\n\t\t","protected":false},"excerpt":{"rendered":"<p>Proyectos Internacionales Desde nuestros comienzos c\u00f3mo Asociaci\u00f3n hemos estado interactuando con Instituciones, Asociaciones en Am\u00e9rica y Europa logrando realizar proyectos donde vincul\u00e1bamos a dise\u00f1adores, emprendedores argentinos con pares extranjeros. Realizamos muestras de dise\u00f1o en Italia as\u00ed como tambi\u00e9n proyectos online de intercambio de expertises. Ac\u00e1 algunos de ellos. Design Abroad Es el Programa de Creatividad &hellip; <\/p>\n<p class=\"link-more\"><a href=\"https:\/\/creatividadetica.org\/?page_id=754\" class=\"more-link\">Continue reading<span class=\"screen-reader-text\"> &#8220;Internacionales&#8221;<\/span><\/a><\/p>\n","protected":false},"author":2,"featured_media":0,"parent":0,"menu_order":0,"comment_status":"closed","ping_status":"closed","template":"","meta":{"pgc_meta":"","spay_email":""},"pgc_meta":"","_links":{"self":[{"href":"https:\/\/creatividadetica.org\/index.php?rest_route=\/wp\/v2\/pages\/754"}],"collection":[{"href":"https:\/\/creatividadetica.org\/index.php?rest_route=\/wp\/v2\/pages"}],"about":[{"href":"https:\/\/creatividadetica.org\/index.php?rest_route=\/wp\/v2\/types\/page"}],"author":[{"embeddable":true,"href":"https:\/\/creatividadetica.org\/index.php?rest_route=\/wp\/v2\/users\/2"}],"replies":[{"embeddable":true,"href":"https:\/\/creatividadetica.org\/index.php?rest_route=%2Fwp%2Fv2%2Fcomments&post=754"}],"version-history":[{"count":16,"href":"https:\/\/creatividadetica.org\/index.php?rest_route=\/wp\/v2\/pages\/754\/revisions"}],"predecessor-version":[{"id":1712,"href":"https:\/\/creatividadetica.org\/index.php?rest_route=\/wp\/v2\/pages\/754\/revisions\/1712"}],"wp:attachment":[{"href":"https:\/\/creatividadetica.org\/index.php?rest_route=%2Fwp%2Fv2%2Fmedia&parent=754"}],"curies":[{"name":"wp","href":"https:\/\/api.w.org\/{rel}","templated":true}]}}

<div data-elementor-type="wp-page" data-elementor-id="754" class="elementor elementor-754">
						<div class="elementor-inner">
				<div class="elementor-section-wrap">
									<section class="elementor-section elementor-top-section elementor-element elementor-element-6d1648f elementor-section-boxed elementor-section-height-default elementor-section-height-default" data-id="6d1648f" data-element_type="section">
						<div class="elementor-container elementor-column-gap-default">
							<div class="elementor-row">
					<div class="elementor-column elementor-col-100 elementor-top-column elementor-element elementor-element-06cf937" data-id="06cf937" data-element_type="column">
			<div class="elementor-column-wrap elementor-element-populated">
							<div class="elementor-widget-wrap">
						<div class="elementor-element elementor-element-cacacb4 elementor-widget elementor-widget-heading" data-id="cacacb4" data-element_type="widget" data-widget_type="heading.default">
				<div class="elementor-widget-container">
			<h2 class="elementor-heading-title elementor-size-xl">Proyectos Internacionales</h2>		</div>
				</div>
				<div class="elementor-element elementor-element-d85c222 elementor-widget elementor-widget-text-editor" data-id="d85c222" data-element_type="widget" data-widget_type="text-editor.default">
				<div class="elementor-widget-container">
								<div class="elementor-text-editor elementor-clearfix">
				<p><span class="s1">Desde nuestros comienzos cómo Asociación hemos estado interactuando con Instituciones, Asociaciones en América y Europa logrando realizar proyectos donde vinculábamos a diseñadores, emprendedores argentinos con pares extranjeros. Realizamos muestras de diseño en Italia así como también proyectos online de intercambio de expertises. Acá algunos de ellos.</span></p>					</div>
						</div>
				</div>
				<section class="elementor-section elementor-inner-section elementor-element elementor-element-420358a elementor-section-full_width elementor-section-height-default elementor-section-height-default" data-id="420358a" data-element_type="section">
						<div class="elementor-container elementor-column-gap-extended">
							<div class="elementor-row">
					<div class="elementor-column elementor-col-33 elementor-inner-column elementor-element elementor-element-52e8159" data-id="52e8159" data-element_type="column">
			<div class="elementor-column-wrap elementor-element-populated">
							<div class="elementor-widget-wrap">
						<div class="elementor-element elementor-element-827a492 elementor-widget elementor-widget-image" data-id="827a492" data-element_type="widget" data-widget_type="image.default">
				<div class="elementor-widget-container">
								<div class="elementor-image">
												<img width="455" height="130" src="https://creatividadetica.org/wp-content/uploads/2021/06/logo_dsn_abroad.png" class="attachment-large size-large" alt="" loading="lazy" srcset="https://creatividadetica.org/wp-content/uploads/2021/06/logo_dsn_abroad.png 455w, https://creatividadetica.org/wp-content/uploads/2021/06/logo_dsn_abroad-300x86.png 300w" sizes="100vw" />														</div>
						</div>
				</div>
				<div class="elementor-element elementor-element-bcf9a4d elementor-widget elementor-widget-heading" data-id="bcf9a4d" data-element_type="widget" data-widget_type="heading.default">
				<div class="elementor-widget-container">
			<h2 class="elementor-heading-title elementor-size-small">Design Abroad</h2>		</div>
				</div>
				<div class="elementor-element elementor-element-0e2e32a elementor-widget elementor-widget-text-editor" data-id="0e2e32a" data-element_type="widget" data-widget_type="text-editor.default">
				<div class="elementor-widget-container">
								<div class="elementor-text-editor elementor-clearfix">
				<p class="p1">Es el Programa de Creatividad Etica para la Promoción del Diseño Argentino en el Mundo. En el marco de dicho Programa, nuestra ONG realiza acciones de promoción comercial y cultural del diseño argentino en el exterior, con el objetivo de fomentar el desarrollo local, facilitar y fortalecer las relaciones comerciales y culturales entre Argentina y otros países, identificando potenciales oportunidades comerciales que permitan insertar a nuestros productores en el mercado exterior. Con el Apoyo de Cancillería Argentina y de la Ambasciata della Repubblica Argentina in Italia se llevó a cabo Arte &amp; Diseño Argentino en Italia Torino 2012  “Una ventana comercial y cultural, para el arte y el diseño Argentino en Italia”.</p>					</div>
						</div>
				</div>
						</div>
					</div>
		</div>
				<div class="elementor-column elementor-col-33 elementor-inner-column elementor-element elementor-element-681cb36" data-id="681cb36" data-element_type="column">
			<div class="elementor-column-wrap elementor-element-populated">
							<div class="elementor-widget-wrap">
						<div class="elementor-element elementor-element-2455685 elementor-widget elementor-widget-image" data-id="2455685" data-element_type="widget" data-widget_type="image.default">
				<div class="elementor-widget-container">
								<div class="elementor-image">
												<img width="455" height="130" src="https://creatividadetica.org/wp-content/uploads/2021/06/logo_evolu_oficio.png" class="attachment-large size-large" alt="" loading="lazy" srcset="https://creatividadetica.org/wp-content/uploads/2021/06/logo_evolu_oficio.png 455w, https://creatividadetica.org/wp-content/uploads/2021/06/logo_evolu_oficio-300x86.png 300w" sizes="100vw" />														</div>
						</div>
				</div>
				<div class="elementor-element elementor-element-add0b1c elementor-widget elementor-widget-heading" data-id="add0b1c" data-element_type="widget" data-widget_type="heading.default">
				<div class="elementor-widget-container">
			<h2 class="elementor-heading-title elementor-size-small">La Evolución de los oficios / l'evoluzione dei mestieri</h2>		</div>
				</div>
				<div class="elementor-element elementor-element-cc0cba8 elementor-widget elementor-widget-text-editor" data-id="cc0cba8" data-element_type="widget" data-widget_type="text-editor.default">
				<div class="elementor-widget-container">
								<div class="elementor-text-editor elementor-clearfix">
				<p class="p1">Creatividad Etica, Lamacre y +39 co-organizaron el Proyecto Internacional que se llevara cabo en Argentina, Chile e Italia simultáneamente por un período de 4 meses de duración.<br />Este proyecto será un nexo, una ventana al mundo para expandir los horizontes de los oficios entre Sudamérica y Europa brindando visualización a las nuevas interpretaciones de la mano de los diseñadores expertos en cada metier que logran nuevas identidades en materiales y productos.<br />A través de una serie de preguntas disparadoras, se desea mostrar la esencia de cada participante, su historia, su tradición, su innovación,  logrando así un nuevo significado a los oficios. </p>					</div>
						</div>
				</div>
						</div>
					</div>
		</div>
				<div class="elementor-column elementor-col-33 elementor-inner-column elementor-element elementor-element-331422a" data-id="331422a" data-element_type="column">
			<div class="elementor-column-wrap elementor-element-populated">
							<div class="elementor-widget-wrap">
						<div class="elementor-element elementor-element-a478b6b elementor-widget elementor-widget-image" data-id="a478b6b" data-element_type="widget" data-widget_type="image.default">
				<div class="elementor-widget-container">
								<div class="elementor-image">
												<img width="455" height="130" src="https://creatividadetica.org/wp-content/uploads/2021/06/logo_open_studio.png" class="attachment-large size-large" alt="" loading="lazy" srcset="https://creatividadetica.org/wp-content/uploads/2021/06/logo_open_studio.png 455w, https://creatividadetica.org/wp-content/uploads/2021/06/logo_open_studio-300x86.png 300w" sizes="100vw" />														</div>
						</div>
				</div>
				<div class="elementor-element elementor-element-aa12227 elementor-widget elementor-widget-heading" data-id="aa12227" data-element_type="widget" data-widget_type="heading.default">
				<div class="elementor-widget-container">
			<h2 class="elementor-heading-title elementor-size-small">Openstudio / Acerca de las Asociaciones</h2>		</div>
				</div>
				<div class="elementor-element elementor-element-c92e0f8 elementor-widget elementor-widget-text-editor" data-id="c92e0f8" data-element_type="widget" data-widget_type="text-editor.default">
				<div class="elementor-widget-container">
								<div class="elementor-text-editor elementor-clearfix">
				<p class="p4">En mayo del 2012 Creatividad Etica ha firmado un memorando de entendimiento con AIAP (Associazione italiana design della comunicazione visiva) cuyo objetivo es crear un espacio permanente para el estudio y el conocimiento del valor del diseño, la promoción de la ética y las mejores prácticas en todos los procesos que forman parte del sector (investigación, desarrollo, distribución, comunicación, educación). El objetivo común que llevó a la firma del protocolo es promover y proteger la cultura del diseño gráfico y el diseño de comunicación visual, tanto en ámbito profesional como en el ámbito de educación en ambos países, a través de la acción conjunta y el trabajo hacia las diversas herramientas de comunicación que estén en posesión de las dos asociaciones.</p>					</div>
						</div>
				</div>
						</div>
					</div>
		</div>
								</div>
					</div>
		</section>
						</div>
					</div>
		</div>
								</div>
					</div>
		</section>
				<section class="elementor-section elementor-top-section elementor-element elementor-element-ef70576 elementor-section-boxed elementor-section-height-default elementor-section-height-default" data-id="ef70576" data-element_type="section">
						<div class="elementor-container elementor-column-gap-default">
							<div class="elementor-row">
					<div class="elementor-column elementor-col-100 elementor-top-column elementor-element elementor-element-1c1a0d3" data-id="1c1a0d3" data-element_type="column">
			<div class="elementor-column-wrap">
							<div class="elementor-widget-wrap">
								</div>
					</div>
		</div>
								</div>
					</div>
		</section>
									</div>
			</div>
					</div>

<p>Proyectos Internacionales Desde nuestros comienzos cómo Asociación hemos estado interactuando con Instituciones, Asociaciones en América y Europa logrando realizar proyectos donde vinculábamos a diseñadores, emprendedores argentinos con pares extranjeros. Realizamos muestras de diseño en Italia así como también proyectos online de intercambio de expertises. Acá algunos de ellos. Design Abroad Es el Programa de Creatividad &hellip; </p>
<p class="link-more"><a href="https://creatividadetica.org/?page_id=754" class="more-link">Continue reading<span class="screen-reader-text"> &#8220;Internacionales&#8221;</span></a></p>
